{"id":256083,"date":"2022-05-18T07:59:33","date_gmt":"2022-05-18T07:59:33","guid":{"rendered":"https:\/\/femete.com.es\/?page_id=256083"},"modified":"2022-05-18T13:58:39","modified_gmt":"2022-05-18T13:58:39","slug":"transformacion-digital","status":"publish","type":"page","link":"https:\/\/viejaweb.femete.com.es\/?page_id=256083","title":{"rendered":"Transformaci\u00f3n digital"},"content":{"rendered":"\t\t<div data-elementor-type=\"wp-page\" data-elementor-id=\"256083\" class=\"elementor elementor-256083\" data-elementor-post-type=\"page\">\n\t\t\t\t\t\t<section class=\"elementor-section elementor-top-section elementor-element elementor-element-38a8ca2 elementor-section-boxed elementor-section-height-default elementor-section-height-default\" data-id=\"38a8ca2\" data-element_type=\"section\" data-e-type=\"section\">\n\t\t\t\t\t\t<div class=\"elementor-container elementor-column-gap-default\">\n\t\t\t\t\t<div class=\"elementor-column elementor-col-100 elementor-top-column elementor-element elementor-element-bc85076\" data-id=\"bc85076\" data-element_type=\"column\" data-e-type=\"column\">\n\t\t\t<div class=\"elementor-widget-wrap elementor-element-populated\">\n\t\t\t\t\t\t<div class=\"elementor-element elementor-element-c1292da elementor-widget elementor-widget-spacer\" data-id=\"c1292da\" data-element_type=\"widget\" data-e-type=\"widget\" data-widget_type=\"spacer.default\">\n\t\t\t\t<div class=\"elementor-widget-container\">\n\t\t\t\t\t\t\t<div class=\"elementor-spacer\">\n\t\t\t<div class=\"elementor-spacer-inner\"><\/div>\n\t\t<\/div>\n\t\t\t\t\t\t<\/div>\n\t\t\t\t<\/div>\n\t\t\t\t\t<\/div>\n\t\t<\/div>\n\t\t\t\t\t<\/div>\n\t\t<\/section>\n\t\t\t\t<section class=\"elementor-section elementor-top-section elementor-element elementor-element-e88f8b0 elementor-section-boxed elementor-section-height-default elementor-section-height-default\" data-id=\"e88f8b0\" data-element_type=\"section\" data-e-type=\"section\">\n\t\t\t\t\t\t<div class=\"elementor-container elementor-column-gap-default\">\n\t\t\t\t\t<div class=\"elementor-column elementor-col-100 elementor-top-column elementor-element elementor-element-c3bba1d\" data-id=\"c3bba1d\" data-element_type=\"column\" data-e-type=\"column\">\n\t\t\t<div class=\"elementor-widget-wrap elementor-element-populated\">\n\t\t\t\t\t\t<div class=\"elementor-element elementor-element-da4d6b8 elementor-widget elementor-widget-heading\" data-id=\"da4d6b8\" data-element_type=\"widget\" data-e-type=\"widget\" data-widget_type=\"heading.default\">\n\t\t\t\t<div class=\"elementor-widget-container\">\n\t\t\t\t\t<h1 class=\"elementor-heading-title elementor-size-default\">Transformaci\u00f3n Digital<\/h1>\t\t\t\t<\/div>\n\t\t\t\t<\/div>\n\t\t\t\t\t<\/div>\n\t\t<\/div>\n\t\t\t\t\t<\/div>\n\t\t<\/section>\n\t\t\t\t<section class=\"elementor-section elementor-top-section elementor-element elementor-element-d48909a elementor-section-boxed elementor-section-height-default elementor-section-height-default\" data-id=\"d48909a\" data-element_type=\"section\" data-e-type=\"section\">\n\t\t\t\t\t\t<div class=\"elementor-container elementor-column-gap-default\">\n\t\t\t\t\t<div class=\"elementor-column elementor-col-100 elementor-top-column elementor-element elementor-element-47a1fe9\" data-id=\"47a1fe9\" data-element_type=\"column\" data-e-type=\"column\">\n\t\t\t<div class=\"elementor-widget-wrap elementor-element-populated\">\n\t\t\t\t\t\t<div class=\"elementor-element elementor-element-5641951 elementor-widget elementor-widget-text-editor\" data-id=\"5641951\" data-element_type=\"widget\" data-e-type=\"widget\" data-widget_type=\"text-editor.default\">\n\t\t\t\t<div class=\"elementor-widget-container\">\n\t\t\t\t\t\t\t\t\t<p>La Federaci\u00f3n Provincial de Empresas del Metal y Nuevas Tecnolog\u00edas de Santa Cruz de Tenerife\u00a0 ha firmado un convenio de colaboraci\u00f3n con el Instituto Tecnol\u00f3gico de Canarias (ITC) para participar en la <a href=\"https:\/\/www.redcide.es\/\">Red Canaria de Centros de Innovaci\u00f3n y Desarrollo Empresarial<\/a> (CIDE), como centro CIDE DIGITAL de proximidad.<\/p><p>El CIDE Digital de Femete est\u00e1 especializado en la Transformaci\u00f3n Digital de las empresas y ofrece gratuitamente los siguientes servicios:<\/p><p>-De informaci\u00f3n general de apoyo para la transformaci\u00f3n digital.<\/p><p>-De asesoramiento y acompa\u00f1amiento:<\/p><p style=\"padding-left: 40px;\">Identificaci\u00f3n de oportunidades de digitalizaci\u00f3n.<\/p><p style=\"padding-left: 40px;\">Apoyo a la planificaci\u00f3n, dise\u00f1o y desarrollo de proyectos de transformaci\u00f3n digital:<\/p><p style=\"padding-left: 80px;\">B\u00fasqueda de apoyo t\u00e9cnico (vigilancia tecnol\u00f3gica, viabilidad y validaci\u00f3n t\u00e9cnica).<\/p><p style=\"padding-left: 80px;\">B\u00fasqueda de apoyo operativo (colaboradores y socios empresariales, equipos, tecnolog\u00edas, recursos humanos, formaci\u00f3n, etc.).<\/p><p style=\"padding-left: 80px;\">B\u00fasqueda de acceso a nuevos mercados (estudios de marketing digital y consultor\u00eda de internacionalizaci\u00f3n).<\/p><p style=\"padding-left: 80px;\">Financiaci\u00f3n p\u00fablica, privada y fiscalidad.<\/p>\t\t\t\t\t\t\t\t<\/div>\n\t\t\t\t<\/div>\n\t\t\t\t\t<\/div>\n\t\t<\/div>\n\t\t\t\t\t<\/div>\n\t\t<\/section>\n\t\t\t\t<section class=\"elementor-section elementor-top-section elementor-element elementor-element-27edac9 elementor-section-boxed elementor-section-height-default elementor-section-height-default\" data-id=\"27edac9\" data-element_type=\"section\" data-e-type=\"section\">\n\t\t\t\t\t\t<div class=\"elementor-container elementor-column-gap-default\">\n\t\t\t\t\t<div class=\"elementor-column elementor-col-100 elementor-top-column elementor-element elementor-element-b164798\" data-id=\"b164798\" data-element_type=\"column\" data-e-type=\"column\">\n\t\t\t<div class=\"elementor-widget-wrap elementor-element-populated\">\n\t\t\t\t\t\t<div class=\"elementor-element elementor-element-9b562d2 elementor-widget elementor-widget-image\" data-id=\"9b562d2\" data-element_type=\"widget\" data-e-type=\"widget\" data-widget_type=\"image.default\">\n\t\t\t\t<div class=\"elementor-widget-container\">\n\t\t\t\t\t\t\t\t\t\t\t\t\t\t\t<img fetchpriority=\"high\" decoding=\"async\" width=\"750\" height=\"750\" src=\"https:\/\/i0.wp.com\/viejaweb.femete.com.es\/wp-content\/uploads\/2022\/05\/CIDE_Digital.jpg?fit=750%2C750&amp;ssl=1\" class=\"attachment-large size-large wp-image-256085\" alt=\"\" srcset=\"https:\/\/i0.wp.com\/viejaweb.femete.com.es\/wp-content\/uploads\/2022\/05\/CIDE_Digital.jpg?w=1500&amp;ssl=1 1500w, https:\/\/i0.wp.com\/viejaweb.femete.com.es\/wp-content\/uploads\/2022\/05\/CIDE_Digital.jpg?resize=300%2C300&amp;ssl=1 300w, https:\/\/i0.wp.com\/viejaweb.femete.com.es\/wp-content\/uploads\/2022\/05\/CIDE_Digital.jpg?resize=1024%2C1024&amp;ssl=1 1024w, https:\/\/i0.wp.com\/viejaweb.femete.com.es\/wp-content\/uploads\/2022\/05\/CIDE_Digital.jpg?resize=150%2C150&amp;ssl=1 150w, https:\/\/i0.wp.com\/viejaweb.femete.com.es\/wp-content\/uploads\/2022\/05\/CIDE_Digital.jpg?resize=768%2C769&amp;ssl=1 768w, https:\/\/i0.wp.com\/viejaweb.femete.com.es\/wp-content\/uploads\/2022\/05\/CIDE_Digital.jpg?resize=460%2C460&amp;ssl=1 460w, https:\/\/i0.wp.com\/viejaweb.femete.com.es\/wp-content\/uploads\/2022\/05\/CIDE_Digital.jpg?resize=230%2C230&amp;ssl=1 230w, https:\/\/i0.wp.com\/viejaweb.femete.com.es\/wp-content\/uploads\/2022\/05\/CIDE_Digital.jpg?resize=600%2C600&amp;ssl=1 600w, https:\/\/i0.wp.com\/viejaweb.femete.com.es\/wp-content\/uploads\/2022\/05\/CIDE_Digital.jpg?resize=160%2C160&amp;ssl=1 160w, https:\/\/i0.wp.com\/viejaweb.femete.com.es\/wp-content\/uploads\/2022\/05\/CIDE_Digital.jpg?resize=50%2C50&amp;ssl=1 50w\" sizes=\"(max-width: 750px) 100vw, 750px\" \/>\t\t\t\t\t\t\t\t\t\t\t\t\t\t\t<\/div>\n\t\t\t\t<\/div>\n\t\t\t\t\t<\/div>\n\t\t<\/div>\n\t\t\t\t\t<\/div>\n\t\t<\/section>\n\t\t\t\t<section class=\"elementor-section elementor-top-section elementor-element elementor-element-eabd6b5 elementor-section-boxed elementor-section-height-default elementor-section-height-default\" data-id=\"eabd6b5\" data-element_type=\"section\" data-e-type=\"section\">\n\t\t\t\t\t\t<div class=\"elementor-container elementor-column-gap-default\">\n\t\t\t\t\t<div class=\"elementor-column elementor-col-100 elementor-top-column elementor-element elementor-element-46b4101\" data-id=\"46b4101\" data-element_type=\"column\" data-e-type=\"column\">\n\t\t\t<div class=\"elementor-widget-wrap elementor-element-populated\">\n\t\t\t\t\t\t<div class=\"elementor-element elementor-element-df61300 elementor-widget elementor-widget-text-editor\" data-id=\"df61300\" data-element_type=\"widget\" data-e-type=\"widget\" data-widget_type=\"text-editor.default\">\n\t\t\t\t<div class=\"elementor-widget-container\">\n\t\t\t\t\t\t\t\t\t<p>Si tiene alguna idea o proyecto de Transformaci\u00f3n Digital y est\u00e1 interesado\/a en recibir asesoramiento GRATUITO, p\u00f3ngase en contacto con:<\/p><p><strong>Beatriz Esther D\u00edaz D\u00edaz: 922 296 700 extensi\u00f3n 238; bdiaz@femete.es<\/strong><\/p><p>La Red CIDE es una iniciativa de la Consejer\u00eda de Econom\u00eda, Conocimiento y Empleo del Gobierno de Canarias, impulsada a trav\u00e9s de la Agencia Canaria de Investigaci\u00f3n, Innovaci\u00f3n y Sociedad de la Informaci\u00f3n (ACIISI), y cofinanciada por el Fondo Europeo de Desarrollo Regional, con una tasa de cofinanciaci\u00f3n del 85% en el marco del Programa Operativo FEDER Canarias 2014-2020.<\/p>\t\t\t\t\t\t\t\t<\/div>\n\t\t\t\t<\/div>\n\t\t\t\t\t<\/div>\n\t\t<\/div>\n\t\t\t\t\t<\/div>\n\t\t<\/section>\n\t\t\t\t<section class=\"elementor-section elementor-top-section elementor-element elementor-element-d774ddd elementor-section-boxed elementor-section-height-default elementor-section-height-default\" data-id=\"d774ddd\" data-element_type=\"section\" data-e-type=\"section\">\n\t\t\t\t\t\t<div class=\"elementor-container elementor-column-gap-default\">\n\t\t\t\t\t<div class=\"elementor-column elementor-col-100 elementor-top-column elementor-element elementor-element-783e00f\" data-id=\"783e00f\" data-element_type=\"column\" data-e-type=\"column\">\n\t\t\t<div class=\"elementor-widget-wrap elementor-element-populated\">\n\t\t\t\t\t\t<div class=\"elementor-element elementor-element-3712a73 elementor-widget elementor-widget-image\" data-id=\"3712a73\" data-element_type=\"widget\" data-e-type=\"widget\" data-widget_type=\"image.default\">\n\t\t\t\t<div class=\"elementor-widget-container\">\n\t\t\t\t\t\t\t\t\t\t\t\t\t\t\t<img decoding=\"async\" width=\"2889\" height=\"144\" src=\"https:\/\/i0.wp.com\/viejaweb.femete.com.es\/wp-content\/uploads\/2022\/05\/Logo_Agrupados.png?fit=2889%2C144&amp;ssl=1\" class=\"attachment-full size-full wp-image-256099\" alt=\"\" srcset=\"https:\/\/i0.wp.com\/viejaweb.femete.com.es\/wp-content\/uploads\/2022\/05\/Logo_Agrupados.png?w=2889&amp;ssl=1 2889w, https:\/\/i0.wp.com\/viejaweb.femete.com.es\/wp-content\/uploads\/2022\/05\/Logo_Agrupados.png?resize=300%2C15&amp;ssl=1 300w, https:\/\/i0.wp.com\/viejaweb.femete.com.es\/wp-content\/uploads\/2022\/05\/Logo_Agrupados.png?resize=1024%2C51&amp;ssl=1 1024w, https:\/\/i0.wp.com\/viejaweb.femete.com.es\/wp-content\/uploads\/2022\/05\/Logo_Agrupados.png?resize=768%2C38&amp;ssl=1 768w, https:\/\/i0.wp.com\/viejaweb.femete.com.es\/wp-content\/uploads\/2022\/05\/Logo_Agrupados.png?resize=1536%2C77&amp;ssl=1 1536w, https:\/\/i0.wp.com\/viejaweb.femete.com.es\/wp-content\/uploads\/2022\/05\/Logo_Agrupados.png?resize=2048%2C102&amp;ssl=1 2048w, https:\/\/i0.wp.com\/viejaweb.femete.com.es\/wp-content\/uploads\/2022\/05\/Logo_Agrupados.png?resize=600%2C30&amp;ssl=1 600w, https:\/\/i0.wp.com\/viejaweb.femete.com.es\/wp-content\/uploads\/2022\/05\/Logo_Agrupados.png?w=2250&amp;ssl=1 2250w\" sizes=\"(max-width: 750px) 100vw, 750px\" \/>\t\t\t\t\t\t\t\t\t\t\t\t\t\t\t<\/div>\n\t\t\t\t<\/div>\n\t\t\t\t\t<\/div>\n\t\t<\/div>\n\t\t\t\t\t<\/div>\n\t\t<\/section>\n\t\t\t\t<section class=\"elementor-section elementor-top-section elementor-element elementor-element-cf14f3a elementor-section-boxed elementor-section-height-default elementor-section-height-default\" data-id=\"cf14f3a\" data-element_type=\"section\" data-e-type=\"section\">\n\t\t\t\t\t\t<div class=\"elementor-container elementor-column-gap-default\">\n\t\t\t\t\t<div class=\"elementor-column elementor-col-100 elementor-top-column elementor-element elementor-element-10733ea\" data-id=\"10733ea\" data-element_type=\"column\" data-e-type=\"column\">\n\t\t\t<div class=\"elementor-widget-wrap elementor-element-populated\">\n\t\t\t\t\t\t<div class=\"elementor-element elementor-element-10844b6 elementor-widget elementor-widget-spacer\" data-id=\"10844b6\" data-element_type=\"widget\" data-e-type=\"widget\" data-widget_type=\"spacer.default\">\n\t\t\t\t<div class=\"elementor-widget-container\">\n\t\t\t\t\t\t\t<div class=\"elementor-spacer\">\n\t\t\t<div class=\"elementor-spacer-inner\"><\/div>\n\t\t<\/div>\n\t\t\t\t\t\t<\/div>\n\t\t\t\t<\/div>\n\t\t\t\t\t<\/div>\n\t\t<\/div>\n\t\t\t\t\t<\/div>\n\t\t<\/section>\n\t\t\t\t<\/div>\n\t\t","protected":false},"excerpt":{"rendered":"<p>Transformaci\u00f3n Digital La Federaci\u00f3n Provincial de Empresas del Metal y Nuevas Tecnolog\u00edas de Santa Cruz de Tenerife\u00a0 ha firmado un convenio de colaboraci\u00f3n con el Instituto Tecnol\u00f3gico de Canarias (ITC) para participar en la Red Canaria de Centros de Innovaci\u00f3n y Desarrollo Empresarial (CIDE), como centro CIDE DIGITAL de proximidad.<a class=\"moretag\" href=\"https:\/\/viejaweb.femete.com.es\/?page_id=256083\"> Leer m\u00e1s<\/a><\/p>\n","protected":false},"author":1,"featured_media":0,"parent":0,"menu_order":0,"comment_status":"closed","ping_status":"closed","template":"page-templates\/template-pagebuilder-full-width.php","meta":{"footnotes":""},"class_list":["post-256083","page","type-page","status-publish","hentry"],"jetpack_sharing_enabled":true,"jetpack_shortlink":"https:\/\/wp.me\/P9F20n-14Cn","_links":{"self":[{"href":"https:\/\/viejaweb.femete.com.es\/index.php?rest_route=\/wp\/v2\/pages\/256083","targetHints":{"allow":["GET"]}}],"collection":[{"href":"https:\/\/viejaweb.femete.com.es\/index.php?rest_route=\/wp\/v2\/pages"}],"about":[{"href":"https:\/\/viejaweb.femete.com.es\/index.php?rest_route=\/wp\/v2\/types\/page"}],"author":[{"embeddable":true,"href":"https:\/\/viejaweb.femete.com.es\/index.php?rest_route=\/wp\/v2\/users\/1"}],"replies":[{"embeddable":true,"href":"https:\/\/viejaweb.femete.com.es\/index.php?rest_route=%2Fwp%2Fv2%2Fcomments&post=256083"}],"version-history":[{"count":0,"href":"https:\/\/viejaweb.femete.com.es\/index.php?rest_route=\/wp\/v2\/pages\/256083\/revisions"}],"wp:attachment":[{"href":"https:\/\/viejaweb.femete.com.es\/index.php?rest_route=%2Fwp%2Fv2%2Fmedia&parent=256083"}],"curies":[{"name":"wp","href":"https:\/\/api.w.org\/{rel}","templated":true}]}}